number?
False
Is 147481 prime?
True
Is 122017 a composite number?
True
Is 10315 composite?
True
Is 794149 composite?
False
Is 3593 prime?
True
Is 1275859 a prime number?
False
Is 4391 prime?
True
Is 2253 prime?
False
Is 83179 prime?
False
Is 128937 prime?
False
Is 2191 a composite number?
True
Is 163903 composite?
True
Is 99289 composite?
False
Is 31111 a prime number?
False
Is 733 a prime number?
True
Is 86401 a composite number?
True
Is 807763 a prime number?
False
Is 72997 a composite number?
False
Is 92971 prime?
False
Is 30803 a prime number?
True
Is 221269 prime?
False
Is 61091 composite?
False
Is 12839 composite?
True
Is 420997 prime?
True
Is 9511 composite?
False
Is 865517 a prime number?
False
Is 41991 a composite number?
True
Is 3323 a prime number?
True
Is 64139 prime?
False
Is 12247 a prime number?
False
Is 202013 prime?
False
Is 30829 a prime number?
True
Is 329 a composite number?
True
Is 184427 prime?
False
Is 15019 a prime number?
False
Is 501299 a composite number?
False
Is 1231859 prime?
True
Is 394201 a prime number?
True
Is 1753 a composite number?
False
Is 80039 prime?
True
Is 13669 composite?
False
Is 30035 prime?
False
Is 3551 a composite number?
True
Is 19407 a prime number?
False
Is 865433 a prime number?
False
Is 422801 a composite number?
True
Is 4589441 a prime number?
True
Is 1151 a composite number?
False
Is 18782 a prime number?
False
Is 279655 a prime number?
False
Is 4571 prime?
False
Is 1909 prime?
False
Is 1637 prime?
True
Is 695413 composite?
True
Is 2978 prime?
False
Is 558781 composite?
False
Is 2981 composite?
True
Is 241291 prime?
True
Is 2161 a prime number?
True
Is 322661 prime?
False
Is 53491 a prime number?
False
Is 2651 a composite number?
True
Is 3829 composite?
True
Is 91801 a composite number?
False
Is 53969 a composite number?
True
Is 143 a prime number?
False
Is 209393 prime?
True
Is 163129 a composite number?
False
Is 24937 a prime number?
False
Is 2153 a prime number?
True
Is 1160323 a composite number?
True
Is 3821 composite?
False
Is 21118 composite?
True
Is 3607 a composite number?
False
Is 13523 a prime number?
True
Is 2076649 composite?
False
Is 6797 prime?
False
Is 4561 a composite number?
False
Is 193073 composite?
False
Is 144497 a composite number?
False
Is 251 a composite number?
False
Is 34583 prime?
True
Is 5490935 a composite number?
True
Is 49103 a prime number?
True
Is 40693 a prime number?
True
Is 233639 composite?
True
Is 50401 composite?
True
Is 101141 a composite number?
False
Is 2497 composite?
True
Is 142741 prime?
False
Is 22033 a prime number?
False
Is 16547 prime?
True
Is 324013 composite?
True
Is 5429 prime?
False
Is 23249 prime?
False
Is 535603 a composite number?
True
Is 5809 prime?
False
Is 213173 prime?
True
Is 1782743 a prime number?
True
Is 4780721 a prime number?
False
Is 791 a composite number?
True
Is 21557 composite?
False
Is 1187 composite?
False
Is 33001 prime?
False
Is 511 a prime number?
False
Is 1672603 prime?
True
Is 73693 a composite number?
False
Is 33458 a composite number?
True
Is 36973 composite?
False
Is 71983 composite?
False
Is 25429 composite?
True
Is 27389 a prime number?
False
Is 561829 a prime number?
True
Is 8489 a prime number?
False
Is 94879 composite?
True
Is 16271 a prime number?
False
Is 431131 a composite number?
True
Is 32173 prime?
True
Is 90905 prime?
False
Is 911 a composite number?
False
Is 49145 a prime number?
False
Is 22285 a prime number?
False
Is 12281 a prime number?
True
Is 1887781 prime?
False
Is 411409 composite?
False
Is 13523 a composite number?
False
Is 1337 composite?
True
Is 150373 prime?
True
Is 263741 a composite number?
True
Is 2179 a prime number?
True
Is 19661 composite?
False
Is 488767 prime?
False
Is 836567 composite?
False
Is 23159 prime?
True
Is 777331 a composite number?
True
Is 55489 composite?
True
Is 255845 a prime number?
False
Is 9913 a prime number?
False
Is 14486 composite?
True
Is 225595 a prime number?
False
Is 76435 composite?
True
Is 55067 a prime number?
False
Is 20707 a prime number?
True
Is 24593 a prime number?
True
Is 242971 a prime number?
True
Is 25301 a composite number?
False
Is 7341 a composite number?
True
Is 7993 prime?
True
Is 32447 a prime number?
False
Is 12143 composite?
False
Is 22511 prime?
True
Is 192467 a prime number?
False
Is 118159 a composite number?
True
Is 23099 a prime number?
True
Is 14143 composite?
False
Is 262027 prime?
True
Is 83518 composite?
True
Is 14107 a prime number?
True
Is 21781 composite?
True
Is 112453 a composite number?
True
Is 7393 composite?
False
Is 478 composite?
True
Is 24257 composite?
True
Is 20993 composite?
True
Is 876739 prime?
False
Is 4201 prime?
True
Is 14363 composite?
True
Is 11591 composite?
True
Is 47213 composite?
True
Is 120283 a composite number?
False
Is 188599 a composite number?
True
Is 1345282 a composite number?
True
Is 215843 a prime number?
True
Is 174659 a composite number?
False
Is 11841 a prime number?
False
Is 52099 a prime number?
False
Is 3863 a composite number?
False
Is 20507 composite?
False
Is 9287 a composite number?
True
Is 142 a prime number?
False
Is 13249 a prime number?
True
Is 109167 a prime number?
False
Is 8551 a composite number?
True
Is 1243271 a prime number?
True
Is 6637 a composite number?
False
Is 476891 prime?
True
Is 208139 prime?
True
Is 4769 composite?
True
Is 4253 prime?
True
Is 80211 a prime number?
False
Is 41117 prime?
True
Is 19857 a prime number?
False
Is 1695041 prime?
True
Is 20323 prime?
True
Is 58657 a prime number?
True
Is 10663 a prime number?
True
Is 467 prime?
True
Is 62639 a composite number?
False
Is 8182 a composite number?
True
Is 95293 a composite number?
True
Is 1002415 a prime number?
False
Is 28559 composite?
False
Is 25091 a composite number?
True
Is 86677 prime?
True
Is 195169 a prime number?
False
Is 5851 prime?
True
Is 46159 a composite number?
True
Is 96079 a prime number?
True
Is 148019 a composite number?
True
Is 23369 prime?
True
Is 40739 a prime number?
True
Is 16129 a composite number?
True
Is 2927 a prime number?
True
Is 82699 composite?
False
Is 73493 composite?
True
Is 252917 a prime number?
False
Is 19105 composite?
True
Is 9019 prime?
False
Is 2981 a prime number?
False
Is 52667 composite?
False
Is 13263 a prime number?
False
Is 1175639 a composite number?
True
Is 49577 a composite number?
True
Is 54319 composite?
False
Is 3737 a composite number?
True
Is 17903 prime?
True
Is 305717 a prime number?
True
Is 257815 prime?
False
Is 2537 prime?
False
Is 747449 composite?
False
Is 22613 composite?
False
Is 9183 a composite number?
True
Is 53479 prime?
True
Is 12877 prime?
False
Is 98773 prime?
True
Is 6401 a prime number?
False
Is 2249 a composite number?
True
Is 25523 composite?
False
Is 707743 a composite number?
True
Is 191357 prime?
False
Is 604897 a prime number?
False
Is 543281 a prime number?
True
Is 448303 a prime number?
True
Is 21341 a prime number?
True
Is 422203 a prime number?
True
Is 54133 a composite number?
False
Is 6731 a prime number?
False
Is 719 a prime number?
True
Is 85549 a composite number?
False
Is 65053 prime?
True
Is 91493 composite?
False
Is 188677 prime?
True
Is 1507 a composite number?
True
Is 32687 prime?
True
Is 199469 composite?
True
Is 4703 a composite number?
False
Is 108401 a prime number?
True
Is 2532637 a prime number?
True
Is 5619 prime?
False
Is 29333 a prime number?
True
Is 441479 composite?
False
Is 1240511 composite?
False
Is 1728857 a composite number?
True
Is 6163 a composite number?
False
Is 5737 a prime number?
True
Is 89 composite?
False
Is 6953 a prime number?
False
Is 38765 composite?
True
Is 781 a composite number?
True
Is 8059 composite?
False
Is 81897 a composite number?
True
Is 19077 prime?
False
Is 4253 composite?
False
Is 1151 composite?
False
Is 1259 composite?
False
Is 193979 prime?
True
Is 156941 a composite number?
False
Is 86813 a composite number?
False
Is 314561 prime?
False
Is 1242971 a prime number?
False
Is 51317 a prime number?
False
Is 39329 prime?
False
Is 34411 prime?
False
Is 397117 prime?
False
Is 73351 a composite number?
False
Is 34631 a composite number?
False
Is 2559 a prime number?
False
Is 1228859 a prime number?
False
Is 3290917 a composite number?
True
Is 591 a prime number?
False
